{"id":48607,"date":"2016-10-28T14:15:33","date_gmt":"2016-10-28T16:15:33","guid":{"rendered":"http:\/\/pdt-rj.org.br\/?page_id=48607"},"modified":"2016-10-28T14:15:33","modified_gmt":"2016-10-28T16:15:33","slug":"internacional-socialista","status":"publish","type":"page","link":"https:\/\/pdt-rj.org.br\/index.php\/internacional-socialista\/","title":{"rendered":"Internacional Socialista"},"content":{"rendered":"<p>A Internacional Socialista, ou II Internacional, \u00e9 um f\u00f3rum de ideias e discuss\u00f5es, que re\u00fane 170 organiza\u00e7\u00f5es partid\u00e1rias afins de natureza social e democr\u00e1tica, de 120 pa\u00edses de todos os continentes. L\u00e1 est\u00e3o representados partidos socialistas, social-democratas e trabalhistas. Sua atual organiza\u00e7\u00e3o \u00e9 origin\u00e1ria da II Internacional, que surgiu em 1889, em Paris, a qual, por sua vez, derivava da Associa\u00e7\u00e3o Internacional do Trabalho, na verdade, a I Internacional, e formada em Londres por Karl Marx e Friedrich Engels, em 1864.<\/p>\n<p>Esta reunia representantes do movimento oper\u00e1rio europeu. J\u00e1 a III Internacional foi formada em Moscou, em 1919, pelos bolcheviques, ap\u00f3s a tomada do poder na R\u00fassia, e dissolveu-se em 1943, sob influ\u00eancia stalinista. A IV Internacional foi fundada pelos trotskistas. Hoje a Internacional Socialista \u00e9 presidida pelo ex-primeiro-ministro da\u00a0Gr\u00e9cia George Papandreou. Tem como sescret\u00e1rio-geral Luis Ayala, do Chile, e\u00a0o presidente nacional do PDT, deputado federal Vieira da Cunha, como um de seus vice-presidentes. Vieira \u00e9 o segundo brasileiro a ocupar o posto. Antes, apenas Leonel Brizola havia alcan\u00e7ado tal posi\u00e7\u00e3o.<\/p>\n<p>O PDT se tornou membro efetivo (full member) da IS no Congresso realizado em Estocolmo, na Su\u00e9cia, em 1989. Foi o primeiro partido brasileiro a integrar os quadros do organismo e Brizola o primeiro brasileiro a eleger-se vice-presidente da Internacional Socialista. O Congresso da Internacional, que tamb\u00e9m comemorou o centen\u00e1rio da organiza\u00e7\u00e3o, debateu temas de significa\u00e7\u00e3o mundial como o desarmamento, as rela\u00e7\u00f5es Norte-Sul, a defesa do meio-ambiente e a crise econ\u00f4mica que vem castigando grandes contigentes da humanidade, com destaque para a injusti\u00e7a e o endividamento dos pa\u00edses do Terceiro Mundo.<\/p>\n<p>A Su\u00e9cia, que sediou aquele encontro, ofereceu uma recep\u00e7\u00e3o carinhosa a Leonel Brizola, em homenagem \u00e0 sua elei\u00e7\u00e3o para vice-presid\u00eancia e a da admiss\u00e3o do PDT como membro pleno do organismo. Estocolmo, a capital, foi coberta de cartazes gigantescos, como noticiou a \u201cFolha de S. Paulo\u201d, de 16\/6\/89, com fotos do l\u00edder do PDT, numa extens\u00e3o que ia das esta\u00e7\u00f5es centrais do metr\u00f4 at\u00e9 as mais remotas pra\u00e7as p\u00fablicas do munic\u00edpio. Essa honraria foi extensiva a pelo menos outras cinco personalidades pol\u00edticas mundiais presentes ao Congresso: Willy Brandt, a Primeira-Ministra norueguesa Gro Harlem Brundland, Oliver Tambo, do Conselho Nacional Africano, Julius Nyerere, da Tanz\u00e2nia, e Neil Kinnock, da Inglaterra.<\/p>\n<p>Outros l\u00edderes social-democratas de todas as partes do mundo, acompanhados de suas delega\u00e7\u00f5es, participaram do encontro. No total, foram mais de 800 convidados que invadiram Estocolmo, a partir do dia 20 de junho. Sadinistas da Nicar\u00e1gua, argentinos, espanh\u00f3is, austr\u00edacos, finlandeses, australianos, holandeses, italianos e brasileiros pedetistas formaram suas pr\u00f3prias bancadas nesse congresso. Brizola aproveitou o ensejo de sua viagem \u00e0 Europa para dialogar, ainda em Estocolmo, com os dirigentes da Anistia Internacional, esta prestigiosa institui\u00e7\u00e3o, que granjeou respeito mundial, por sua independ\u00eancia e seriedade na defesa dos direitos humanos .<\/p>\n<p>Brizola pediu \u00e0 organiza\u00e7\u00e3o de uma investiga\u00e7\u00e3o a fundo em torno das verdadeiras origens dos milhares de assassinatos que v\u00eam vitimando jovens, muitos deles menores, no Rio, S\u00e3o Paulo e nem quase todas as grandes cidades brasileiras. Os congressos plenos da IS realizam-se de tr\u00eas em tr\u00eas anos numa cidade previamente determinada e o seu Conselho (incluindo todos os partidos membros) se re\u00fane duas vezes por ano.<\/p>\n<p>Reuni\u00f5es da dire\u00e7\u00e3o (presidium) e dos l\u00edderes partid\u00e1rios ocorrem regularmente, assim como confer\u00eancias sobre temas palpitantes. Comit\u00eas, conselhos e grupos de estudos foram criados para o exame de temas como a paz, seguran\u00e7a, desarmamento, pol\u00edtica econ\u00f4mica, desenvolvimento, meio ambiente, direitos humanos, Am\u00e9rica Latina, Oriente M\u00e9dio, Leste Europeu, \u00c1frica, povos ind\u00edgenas, finan\u00e7as e administra\u00e7\u00e3o. Tais comit\u00eas e grupos de estudo t\u00eam programas espec\u00edficos de trabalho e se re\u00fanem regularmente. A Internacional tamb\u00e9m envia miss\u00f5es a v\u00e1rios pa\u00edses e regi\u00f5es do mundo. Como um a organiza\u00e7\u00e3o n\u00e3o governamental, a Internacional colabora com as Na\u00e7\u00f5es Unidas e trabalha com outras organiza\u00e7\u00f5es internacionais.<\/p>\n<p><strong><a href=\"http:\/\/www.internacionalsocialista.org\/\" target=\"_blank\" rel=\"external noopener noreferrer\" data-wpel-link=\"external\">Visite o site da Internacional Socialista: http:\/\/www.internacionalsocialista.org<\/a><\/strong><\/p>\n<!-- AddThis Advanced Settings generic via filter on the_content --><!-- AddThis Share Buttons generic via filter on the_content -->","protected":false},"excerpt":{"rendered":"<p>A Internacional Socialista, ou II Internacional, \u00e9 um f\u00f3rum de ideias e discuss\u00f5es, que re\u00fane 170 organiza\u00e7\u00f5es partid\u00e1rias afins de natureza social e democr\u00e1tica, de 120 pa\u00edses de todos os continentes. L\u00e1 est\u00e3o representados partidos socialistas, social-democratas e trabalhistas. Sua atual organiza\u00e7\u00e3o \u00e9 origin\u00e1ria da II Internacional, que surgiu em 1889, em Paris, a qual,&#8230;<!-- AddThis Advanced Settings generic via filter on wp_trim_excerpt --><!-- AddThis Share Buttons generic via filter on wp_trim_excerpt --><\/p>\n","protected":false},"author":17,"featured_media":0,"parent":0,"menu_order":0,"comment_status":"closed","ping_status":"closed","template":"","meta":{"_monsterinsights_skip_tracking":false,"_monsterinsights_sitenote_active":false,"_monsterinsights_sitenote_note":"","_monsterinsights_sitenote_category":0,"_uf_show_specific_survey":0,"_uf_disable_surveys":false,"footnotes":""},"class_list":["post-48607","page","type-page","status-publish","hentry"],"acf":[],"_links":{"self":[{"href":"https:\/\/pdt-rj.org.br\/index.php\/wp-json\/wp\/v2\/pages\/48607","targetHints":{"allow":["GET"]}}],"collection":[{"href":"https:\/\/pdt-rj.org.br\/index.php\/wp-json\/wp\/v2\/pages"}],"about":[{"href":"https:\/\/pdt-rj.org.br\/index.php\/wp-json\/wp\/v2\/types\/page"}],"author":[{"embeddable":true,"href":"https:\/\/pdt-rj.org.br\/index.php\/wp-json\/wp\/v2\/users\/17"}],"replies":[{"embeddable":true,"href":"https:\/\/pdt-rj.org.br\/index.php\/wp-json\/wp\/v2\/comments?post=48607"}],"version-history":[{"count":0,"href":"https:\/\/pdt-rj.org.br\/index.php\/wp-json\/wp\/v2\/pages\/48607\/revisions"}],"wp:attachment":[{"href":"https:\/\/pdt-rj.org.br\/index.php\/wp-json\/wp\/v2\/media?parent=48607"}],"curies":[{"name":"wp","href":"https:\/\/api.w.org\/{rel}","templated":true}]}}